-7 - 4?
-b
In base 5, what is 4 - 412?
-403
In base 8, what is -6 - 24?
-32
In base 14, what is c - 1d8?
-1ca
In base 5, what is -11 + -1432?
-1443
In base 5, what is -1042 + -134?
-1231
In base 5, what is 231 + 3?
234
In base 3, what is -12 + 1200?
1111
In base 16, what is -9 + 409?
400
In base 14, what is 0 + -229?
-229
In base 14, what is a - 82?
-76
In base 12, what is -12 - -10?
-2
In base 2, what is -10010 + -10000010?
-10010100
In base 16, what is 5c + -1?
5b
In base 8, what is -3 + 2404?
2401
In base 7, what is 353 - 16?
334
In base 10, what is -3 + -2386?
-2389
In base 10, what is -8 + -23?
-31
In base 12, what is -8 + -475?
-481
In base 4, what is 1 - 101330?
-101323
In base 5, what is 2223 - -1?
2224
In base 4, what is 1201033 + -3?
1201030
In base 10, what is 3 - 2?
1
In base 7, what is 3 - 106?
-103
In base 11, what is -47 - 22?
-69
In base 7, what is -2404 + -5?
-2412
In base 13, what is -16 + 27?
11
In base 14, what is 49 + 17?
62
In base 9, what is -3 + 435?
432
In base 2, what is -1 + 10110100110?
10110100101
In base 7, what is 2420 + -10?
2410
In base 3, what is -122211 + 121?
-122020
In base 13, what is -5 + -1?
-6
In base 9, what is 15 + -7?
7
In base 2, what is -101 + 111101011?
111100110
In base 15, what is 0 + 85?
85
In base 6, what is 3502 + -3?
3455
In base 15, what is e - -2?
11
In base 11, what is -4 - -53?
4a
In base 11, what is 1006 - -5?
1010
In base 11, what is 2 - -63?
65
In base 9, what is -1727 + 3?
-1724
In base 4, what is 10 + -1332?
-1322
In base 8, what is 66 + -3?
63
In base 14, what is -359 - -3?
-356
In base 16, what is -3 - 1d?
-20
In base 16, what is -4dc + 4?
-4d8
In base 14, what is -3 + 0?
-3
In base 10, what is 3 + -42?
-39
In base 8, what is -113 + -1?
-114
In base 14, what is -3138 - 2?
-313a
In base 15, what is -6 + -3d?
-44
In base 3, what is 12 + 22012?
22101
In base 6, what is -1004 + -4?
-1012
In base 8, what is -4 + -255?
-261
In base 16, what is -fa - a?
-104
In base 2, what is 111 - -100?
1011
In base 8, what is 135 - -5?
142
In base 9, what is -2 - 208?
-211
In base 9, what is 273 - 23?
250
In base 2, what is -10001 - -100?
-1101
In base 13, what is 0 + 1671?
1671
In base 13, what is 5 + -31?
-29
In base 10, what is 0 + -216?
-216
In base 13, what is -16b6 - 5?
-16bb
In base 11, what is -3991 - -8?
-3984
In base 10, what is 19 - -5?
24
In base 4, what is 12 + 2222?
2300
In base 16, what is -152 - 6?
-158
In base 13, what is -3 + -20?
-23
In base 16, what is -133d + 2?
-133b
In base 8, what is -3473 - -7?
-3464
In base 15, what is -3 + -44?
-47
In base 8, what is -222007 + -4?
-222013
In base 4, what is -3 - 102203?
-102212
In base 7, what is 0 - 43?
-43
In base 7, what is 660 - -4?
664
In base 11, what is 7 - -9?
15
In base 8, what is 1362 - 5?
1355
In base 8, what is -22 - 1472?
-1514
In base 15, what is -1e8 + 0?
-1e8
In base 14, what is 35 + -1?
34
In base 8, what is -5 + -54?
-61
In base 16, what is -b - -3a?
2f
In base 11, what is 52 + 52?
a4
In base 12, what is 256 + 12?
268
In base 2, what is 100 - -10010?
10110
In base 2, what is 110001 + -1000111110?
-1000001101
In base 3, what is -210 - 1001?
-1211
In base 10, what is 10111 - -5?
10116
In base 3, what is -1211211 + 0?
-1211211
In base 5, what is 3 + 13?
21
In base 13, what is -5 + 1?
-4
In base 13, what is -2b32 - 1?
-2b33
In base 5, what is -1003 - 100?
-1103
In base 2, what is -101 + -11110101000?
-11110101101
In base 6, what is -11045 - -5?
-11040
In base 16, what is -16 + -46?
-5c
In base 4, what is 11233001 + 1?
11233002
In base 8, what is 12 + 17?
31
In base 7, what is -2 - 102?
-104
In base 11, what is 14 - -8?
21
In base 14, what is 14 - -13?
27
In base 5, what is 201323 - -2?
201330
In base 13, what is 5 - 228?
-223
In base 11, what is 14 - 176?
-162
In base 6, what is 30252 + -2?
30250
In base 9, what is -18320 + -3?
-18323
In base 16, what is -2 + -10?
-12
In base 11, what is 2 + -1379?
-1377
In base 2, what is -111111010 - 10?
-111111100
In base 14, what is -5 - 194?
-199
In base 13, what is 25 + -14?
11
In base 4, what is -131123 + 0?
-131123
In base 7, what is 1611 + 4?
1615
In base 15, what is b + 12a?
136
In base 12, what is 61 + 3?
64
In base 4, what is -10131 - 2?
-10133
In base 16, what is -5 - a7?
-ac
In base 15, what is 61 + 7?
68
In base 13, what is -1 - -502?
501
In base 5, what is -11 - -102?
41
In base 2, what is -101111101 + 11000?
-101100101
In base 8, what is 30 - 366?
-336
In base 5, what is -203220 - 0?
-203220
In base 3, what is -11 + 200?
112
In base 2, what is -10 + -1001?
-1011
In base 16, what is 493 - -2?
495
In base 9, what is -2 - 116?
-118
In base 15, what is -287 - 24?
-2ab
In base 15, what is 7 + 7?
e
In base 2, what is 10011 - -111101?
1010000
In base 3, what is -2 + -1021?
-1100
In base 15, what is -3 - -1b23?
1b20
In base 8, what is -3207 - -1?
-3206
In base 9, what is -16 - -306?
280
In base 7, what is 403 - 4?
366
In base 16, what is -27 + 0?
-27
In base 14, what is -5 - 287?
-28c
In base 15, what is -8 + -23?
-2b
In base 9, what is 42 + 43?
85
In base 13, what is 1 - 5a?
-59
In base 2, what is 100111 + -1000?
11111
In base 4, what is 3121 + 101?
3222
In base 9, what is -164 - 35?
-210
In base 6, what is 2 - 32?
-30
In base 16, what is 3 + b?
e
In base 9, what is -1 + -4?
-5
In base 2, what is 101 - -1001111?
1010100
In base 11, what is -205 + 4?
-201
In base 7, what is -3022 + 1?
-3021
In base 7, what is 2326 - -2?
2331
In base 4, what is -3222 + 3?
-3213
In base 8, what is -7 + 61?
52
In base 7, what is 14 - 0?
14
In base 11, what is -4 + -a4?
-a8
In base 13, what is 670 + 0?
670
In base 2, what is -100010000110 - -100?
-100010000010
In base 14, what is -104 - 0?
-104
In base 6, what is -1 - -43?
42
In base 7, what is -10 - 30?
-40
In base 9, what is 30 + 1?
31
In base 3, what is -2 + 1101?
1022
In base 15, what is -16 - -3?
-13
In base 2, what is -111010 + -1011000010?
-1011111100
In base 9, what is 807 + 1?
808
In base 11, what is 3202 + 2?
3204
In base 6, what is -105351 + 4?
-105343
In base 5, what is 10 + -304?
-244
In base 12, what is -5 + -26?
-2b
In base 8, what is 1 + 132?
133
In base 7, what is 1325 - -23?
1351
In base 15, what is 1 + -c4?
-c3
In base 6, what is -10 - 22?
-32
In base 12, what is 21 - 61?
-40
In base 15, what is 5c7 + 0?
5c7
In base 13, what is -18 + -4?
-1c
In base 7, what is -535 - -5?
-530
In base 13, what is -4 - 1c?
-23
In base 13, what is -3b45 - 3?
-3b48
In base 11, what is 1 - -21?
22
In base 3, what is 12 - 102100?
-102011
In base 5, what is -4 + 40331?
40322
In base 15, what is 5 - -31?
36
In base 4, what is -1 + -1212?
-1213
In base 13, what is 66 + 9?
72
In base 11, what is 120 + 9?
129
In base 4, what is -3112 + -1001?
-10113
In base 5, what is -2 - -204?
202
In base 9, what is -4 + -1?
-5
In base 8, what is 6330 - 0?
6330
In base 10, what is -5 - 21?
-26
In base 3, what is 2 + 1210121?
1210200
In base 3, what is -101 - 1212120?
-1212221
In base 11, what is 73 + 3?
76
In base 7, what is -5 - -460?
452
In base 13, what is -5 + -25?
-2a
In base 16, what is 1 - -376?
377
In base 8, what is 0 + 2454?
2454
In base 9, what is 7211 + -3?
7207
In base 7, what is -1022 - -43?
-646
In base 16, what is -165a - 1?
-165b
In base 4, what is 12200 - -112?
12312
In base 15, what is -ea - 6?
-101
In base 15, what is 27b - 0?
27b
In base 5, what is -1 + 22?
21
In base 10, what is -2 - 89?
-91
In base 11, what is -4 + -989?
-992
In base 16, what is 1 + -78?
-77
In base 11, what is 3 + 42?
45
In base 16, what is -f + -55?
-64
In base 2, what is -110100101 + -11?
-110101000
In base 11, what is 4 + 31?
35
In base 11, what is 169 - -5?
173
In base 2, what is -100011 + 100010001?
11101110
In base 6, what is -110153 + -3?
-110200
In base 13, what is -53a - 7?
-544
In base 12, what is 2 + -57a?
-578
In base 7, what is 16 + -231?
-212
In base 12, what is -1 - -1190?
118b
In base 4, what is 101 - -1113?
1220
In base 3, what is 0 + 1002?
1002
In base 9, what is -33 - -1?
-32
In base 14, what is 11 - -11?
22
In base 12, what is 3 - -90?
93
In base 2, what is -100101001101 - 10?
-100101001111
In base 16, what is -12b - 3?
-12e
In base 5, what is 2 + 2004?
2011
In base 4, what is -12 + 110?
32
In base 8, what is 66 + -115?
-27
In base 3, what is 2101 - 1102?
222
In ba